ten thousands digit of 36831011?
3
What is the ten thousands digit of 5548320238?
2
What is the tens digit of 67561265?
6
What is the hundred thousands digit of 48744920?
7
What is the tens digit of 844162633?
3
What is the units digit of 475540745?
5
What is the millions digit of 53447454?
3
What is the ten millions digit of 2320781460?
2
What is the thousands digit of 133034291?
4
What is the ten thousands digit of 34464242?
6
What is the ten millions digit of 30224469?
3
What is the tens digit of 98085176?
7
What is the thousands digit of 410620737?
0
What is the hundred thousands digit of 1703535888?
5
What is the tens digit of 234541446?
4
What is the ten millions digit of 69883776?
6
What is the ten millions digit of 641564927?
4
What is the thousands digit of 2201489290?
9
What is the tens digit of 1335464758?
5
What is the hundred millions digit of 352910754?
3
What is the hundred thousands digit of 5846057271?
0
What is the millions digit of 2436204604?
6
What is the hundred millions digit of 869824235?
8
What is the hundred thousands digit of 258177372?
1
What is the hundreds digit of 151775546?
5
What is the hundreds digit of 257244611?
6
What is the ten thousands digit of 2599949263?
4
What is the billions digit of 1621258959?
1
What is the ten millions digit of 60395586?
6
What is the millions digit of 28663458?
8
What is the hundred millions digit of 218174778?
2
What is the ten millions digit of 46172456?
4
What is the billions digit of 4832739736?
4
What is the tens digit of 5496700?
0
What is the hundred millions digit of 550999789?
5
What is the tens digit of 54486614?
1
What is the hundreds digit of 99910202?
2
What is the thousands digit of 21530688?
0
What is the ten millions digit of 72519682?
7
What is the units digit of 5768878?
8
What is the hundreds digit of 338956270?
2
What is the hundred millions digit of 121993152?
1
What is the hundreds digit of 1478965?
9
What is the hundred thousands digit of 527038330?
0
What is the hundred thousands digit of 33864606?
8
What is the billions digit of 1112939259?
1
What is the millions digit of 92190709?
2
What is the millions digit of 422975444?
2
What is the ten millions digit of 872880149?
7
What is the hundred thousands digit of 180088039?
0
What is the units digit of 106056894?
4
What is the hundreds digit of 5189416995?
9
What is the ten millions digit of 997543098?
9
What is the thousands digit of 35877384?
7
What is the hundred thousands digit of 40406443?
4
What is the thousands digit of 8515776?
5
What is the thousands digit of 74723727?
3
What is the thousands digit of 1513416?
3
What is the hundred thousands digit of 16888777?
8
What is the hundred thousands digit of 2276116914?
1
What is the hundreds digit of 293283088?
0
What is the ten thousands digit of 84839086?
3
What is the units digit of 820370572?
2
What is the ten thousands digit of 943137094?
3
What is the hundred millions digit of 2290690544?
2
What is the units digit of 19989691?
1
What is the tens digit of 13148495?
9
What is the ten thousands digit of 173800416?
0
What is the hundreds digit of 94794966?
9
What is the millions digit of 315821233?
5
What is the thousands digit of 50214130?
4
What is the ten millions digit of 757132708?
5
What is the thousands digit of 87366561?
6
What is the thousands digit of 4027322011?
2
What is the hundreds digit of 1818636180?
1
What is the ten millions digit of 855746931?
5
What is the thousands digit of 226392371?
2
What is the millions digit of 121763209?
1
What is the tens digit of 3671789279?
7
What is the tens digit of 174640227?
2
What is the hundred thousands digit of 43490752?
4
What is the ten millions digit of 4959675214?
5
What is the ten thousands digit of 1041902744?
0
What is the ten thousands digit of 1165980291?
8
What is the tens digit of 44251210?
1
What is the hundred thousands digit of 396762977?
7
What is the ten thousands digit of 279792135?
9
What is the tens digit of 43338626?
2
What is the tens digit of 5206309419?
1
What is the units digit of 38592858?
8
What is the ten thousands digit of 71492872?
9
What is the hundred millions digit of 1273638463?
2
What is the tens digit of 38922921?
2
What is the thousands digit of 198005637?
5
What is the ten millions digit of 84551579?
8
What is the ten millions digit of 49199652?
4
What is the tens digit of 441351835?
3
What is the hundred millions digit of 3381211447?
3
What is the tens digit of 5224345548?
4
What is the hundreds digit of 4451219547?
5
What is the millions digit of 49185319?
9
What is the millions digit of 240109483?
0
What is the millions digit of 56996845?
6
What is the hundred millions digit of 289372244?
2
What is the hundred thousands digit of 1014688346?
6
What is the ten millions digit of 228017406?
2
What is the tens digit of 40065272?
7
What is the millions digit of 55888107?
5
What is the millions digit of 102349832?
2
What is the hundreds digit of 194790410?
4
What is the thousands digit of 197133492?
3
What is the ten thousands digit of 70703717?
0
What is the thousands digit of 1470107211?
7
What is the tens digit of 77075838?
3
What is the hundred thousands digit of 467587605?
5
What is the units digit of 16808432?
2
What is the thousands digit of 806626226?
6
What is the tens digit of 941216899?
9
What is the units digit of 1074070264?
4
What is the hundred thousands digit of 35570556?
5
What is the tens digit of 274157747?
4
What is the ten millions digit of 74078306?
7
What is the hundreds digit of 266720944?
9
What is the hundred thousands digit of 78326910?
3
What is the hundreds digit of 173046367?
3
What is the units digit of 235283688?
8
What is the millions digit of 131952045?
1
What is the tens digit of 4862207773?
7
What is the millions digit of 179198228?
9
What is the millions digit of 396717534?
6
What is the thousands digit of 1523614385?
4
What is the ten thousands digit of 335540938?
4
What is the hundreds digit of 210206907?
9
What is the thousands digit of 466514140?
4
What is the hundred millions digit of 357336500?
3
What is the tens digit of 348387518?
1
What is the ten thousands digit of 223456675?
5
What is the units digit of 116636300?
0
What is the units digit of 27649787?
7
What is the units digit of 971005744?
4
What is the tens digit of 221336869?
6
What is the thousands digit of 448664261?
4
What is the units digit of 517057648?
8
What is the hundred thousands digit of 2281437175?
4
What is the hundreds digit of 191066453?
4
What is the hundreds digit of 125987977?
9
What is the units digit of 150207566?
6
What is the millions digit of 6528485316?
8
What is the units digit of 195578634?
4
What is the thousands digit of 353831680?
1
What is the hundred thousands digit of 99685414?
6
What is the units digit of 12391762?
2
What is the ten millions digit of 1795818175?
9
What is the hundred thousands digit of 23459847?
4
What is the billions digit of 4202616330?
4
What is the billions digit of 1311223222?
1
What is the ten thousands digit of 432064965?
6
What is the hundred millions digit of 4801944141?
8
What is the tens digit of 198691228?
2
What is the millions digit of 123980537?
3
What is the tens digit of 54173515?
1
What is the ten thousands digit of 1469774701?
7
What is the thousands digit of 566423862?
3
What is the ten millions digit of 49924539?
4
What is the hundreds digit of 145667087?
0
What is the tens digit of 921658795?
9
What is the thousands digit of 547558832?
8
What is the tens digit of 66300951?
5
What is the millions digit of 1062493587?
2
What is the ten millions digit of 1206839104?
0
What is the ten thousands digit of 66383004?
8
What is the ten millions digit of 49783623?
4
What is the ten thousands digit of 194340282?
4
What is the billions digit of 3321025435?
3
What is the hundreds digit of 69177983?
9
What is the tens digit of 2854888691?
9
What is the ten millions digit of 895509626?
9
What is the units digit of 1275978153?
3
What is the units digit of 429760544?
4
What is the hundred millions digit of 486121859?
4
What is the hundreds digit of 22754173?
1
What is the hundred millions digit of 244716343?
2
What is the hundred millions digit of 162528980?
1
What is the ten millions digit of 34441135?
3
Wh